{"id":122,"date":"2016-01-29T10:13:10","date_gmt":"2016-01-29T10:13:10","guid":{"rendered":"http:\/\/www.professionistidelsuono.net\/blog_audio\/?page_id=122"},"modified":"2016-08-28T12:26:55","modified_gmt":"2016-08-28T12:26:55","slug":"subwoofer","status":"publish","type":"page","link":"https:\/\/www.professionistidelsuono.net\/blog_audio\/pagina-di-esempio\/subwoofer\/","title":{"rendered":"Parliamo di Subwoofer"},"content":{"rendered":"<p align=\"left\"><a href=\"https:\/\/i0.wp.com\/www.professionistidelsuono.net\/blog_audio\/wp-content\/uploads\/2016\/01\/caraudio_rfd2210.jpg?ssl=1\" rel=\"attachment wp-att-426\"><img data-recalc-dims=\"1\" loading=\"lazy\" decoding=\"async\" class=\"size-full wp-image-426 alignleft\" src=\"https:\/\/i0.wp.com\/www.professionistidelsuono.net\/blog_audio\/wp-content\/uploads\/2016\/01\/caraudio_rfd2210.jpg?resize=300%2C300&#038;ssl=1\" alt=\"caraudio_rfd2210\" width=\"300\" height=\"300\" srcset=\"https:\/\/i0.wp.com\/www.professionistidelsuono.net\/blog_audio\/wp-content\/uploads\/2016\/01\/caraudio_rfd2210.jpg?w=300&amp;ssl=1 300w, https:\/\/i0.wp.com\/www.professionistidelsuono.net\/blog_audio\/wp-content\/uploads\/2016\/01\/caraudio_rfd2210.jpg?resize=150%2C150&amp;ssl=1 150w, https:\/\/i0.wp.com\/www.professionistidelsuono.net\/blog_audio\/wp-content\/uploads\/2016\/01\/caraudio_rfd2210.jpg?resize=144%2C144&amp;ssl=1 144w, https:\/\/i0.wp.com\/www.professionistidelsuono.net\/blog_audio\/wp-content\/uploads\/2016\/01\/caraudio_rfd2210.jpg?resize=160%2C160&amp;ssl=1 160w, https:\/\/i0.wp.com\/www.professionistidelsuono.net\/blog_audio\/wp-content\/uploads\/2016\/01\/caraudio_rfd2210.jpg?resize=320%2C320&amp;ssl=1 320w\" sizes=\"auto, (max-width: 300px) 100vw, 300px\" \/><\/a>Il <strong>Subwoofer<\/strong> \u00e8 quel diffusore atto a riprodurre le frequenze pi\u00f9 basse dello spettro audio. Ogni Subwoofer \u00e8 accompagnato dai suoi parametri &#8220;Thiele-Small&#8221; tramite i quali \u00e8 possibile ricavarne le caratteristiche elettromeccaniche. Tramite questi parametri possiamo progettare dei Box per sub, al fine di ottenere la migliore riproduzione delle frequenze basse.<\/p>\n<p><strong>Subwoofer a doppia bobina mobile<br \/>\n<\/strong>La tecnologia a doppia bobina mobile incorpora due bobine a 4 ohm e consente di utilizzare il woofer anche a 2 ohm o a 8 ohm d&#8217;impedenza, cambiando il collegamento dei terminali. Questo permette all&#8217;utente un&#8217;ampia variet\u00e0 di combinazioni e configurazioni a seconda del numero dei woofer e della performance ottenibile dall&#8217;amplificatore.<\/p>\n<p align=\"left\"><strong>Sistema di raffreddamento della bobina mobile<br \/>\n<\/strong>Il sistema di raffreddamento della bobina mobile \u00e8 un&#8217;innovazione costruttiva che porta una nuova ventata di potenza nell&#8217;universo dei subwoofer. Per produrre dei bassi corposi \u00e8 necessaria una congrua quantit\u00e0 di energia elettrica. Tuttavia, poich\u00e8 all&#8217;aumentare della temperatura della bobina mobile, aumenta pure la sua resistenza elettrica, il che si traduce nel peggioramento del coefficiente di smorzamento e nella conseguente generazione di distorsione. Il foro che si vede sotto i subwoofer a questo serve.<\/p>\n<p><strong>Caricamento di un subwoofer<\/strong><br \/>\nNegli altoparlanti il suono viene prodotto dal movimento di una membrana. Qui iniziano subito i problemi perch\u00e9 vengono prodotti due fronti d&#8217;onda sonora: uno dalla parte anteriore della membrana, l&#8217;altro dalla parte posteriore. Purtroppo, questi fronti d\u2019onda sono in controfase, col risultato che se provassimo a far suonare a basse frequenze e senza cassa un tipico AP a cono, la distanza che dovrebbe percorrere un fronte d&#8217;onda per arrivare a sommarsi con l&#8217;altro sarebbe praticamente nulla e i due fronti d&#8217;onda sarebbero liberi di annullarsi a vicenda in una sorta di cortocircuito acustico. In pratica vedremmo muovere la membrana senza udire alcunch\u00e9.<br \/>\nPer una corretta riproduzione delle basse frequenze \u00e8 quindi indispensabile agire sui fronti d&#8217;onda in maniera tale da rifasarli oppure rendere inudibile uno dei due. Per far ci\u00f2 basta montare l&#8217;AP in un box di caricamento, generalmente chiamato cassa acustica, normalmente realizzato in legno. Esistono vari tipi di caricamento ma per tutti, nessuno escluso, \u00e8 fondamentale un box quanto pi\u00f9 rigido ed impermeabile al suono. Meglio non lesinare sulla qualit\u00e0 e sullo spessore del legno. Esagerare non fa male\u2026anzi!<\/p>\n","protected":false},"excerpt":{"rendered":"<p>Il Subwoofer \u00e8 quel diffusore atto a riprodurre le frequenze pi\u00f9 basse dello spettro audio. Ogni Subwoofer \u00e8 accompagnato dai suoi parametri &#8220;Thiele-Small&#8221; tramite i quali \u00e8 possibile ricavarne le caratteristiche elettromeccaniche. Tramite questi&#46;&#46;&#46;<\/p>\n","protected":false},"author":1,"featured_media":426,"parent":2,"menu_order":0,"comment_status":"closed","ping_status":"closed","template":"","meta":{"footnotes":""},"class_list":["post-122","page","type-page","status-publish","has-post-thumbnail","hentry"],"aioseo_notices":[],"jetpack-related-posts":[],"jetpack_sharing_enabled":true,"_links":{"self":[{"href":"https:\/\/www.professionistidelsuono.net\/blog_audio\/wp-json\/wp\/v2\/pages\/122","targetHints":{"allow":["GET"]}}],"collection":[{"href":"https:\/\/www.professionistidelsuono.net\/blog_audio\/wp-json\/wp\/v2\/pages"}],"about":[{"href":"https:\/\/www.professionistidelsuono.net\/blog_audio\/wp-json\/wp\/v2\/types\/page"}],"author":[{"embeddable":true,"href":"https:\/\/www.professionistidelsuono.net\/blog_audio\/wp-json\/wp\/v2\/users\/1"}],"replies":[{"embeddable":true,"href":"https:\/\/www.professionistidelsuono.net\/blog_audio\/wp-json\/wp\/v2\/comments?post=122"}],"version-history":[{"count":4,"href":"https:\/\/www.professionistidelsuono.net\/blog_audio\/wp-json\/wp\/v2\/pages\/122\/revisions"}],"predecessor-version":[{"id":560,"href":"https:\/\/www.professionistidelsuono.net\/blog_audio\/wp-json\/wp\/v2\/pages\/122\/revisions\/560"}],"up":[{"embeddable":true,"href":"https:\/\/www.professionistidelsuono.net\/blog_audio\/wp-json\/wp\/v2\/pages\/2"}],"wp:featuredmedia":[{"embeddable":true,"href":"https:\/\/www.professionistidelsuono.net\/blog_audio\/wp-json\/wp\/v2\/media\/426"}],"wp:attachment":[{"href":"https:\/\/www.professionistidelsuono.net\/blog_audio\/wp-json\/wp\/v2\/media?parent=122"}],"curies":[{"name":"wp","href":"https:\/\/api.w.org\/{rel}","templated":true}]}}