{"id":181,"date":"2016-01-29T15:06:52","date_gmt":"2016-01-29T15:06:52","guid":{"rendered":"http:\/\/www.professionistidelsuono.net\/blog_audio\/?page_id=181"},"modified":"2016-01-29T15:06:52","modified_gmt":"2016-01-29T15:06:52","slug":"trattamento-dati","status":"publish","type":"page","link":"https:\/\/www.professionistidelsuono.net\/blog_audio\/trattamento-dati\/","title":{"rendered":"Trattamento Dati"},"content":{"rendered":"<p>art. 10 della legge n.675\/96<\/p>\n<p>PRIVACY<\/p>\n<p>Con riferimento a quanto previsto dall&#8217;art. 10 della legge n.675\/96, recante disposizioni a tutela della riservatezza nel trattamento dei dati personali, desideriamo con la presente informarVi che:<\/p>\n<p>i dati personali da Voi forniti, ovvero altrimenti acquisiti nell&#8217;ambito della nostra attivit\u00e0, possono formare oggetto di trattamento, utilizzando il sistema informativo www.professionistidelsuono.net di propriet\u00e0 dei &#8220;Professionisti del suono&#8221;, o senza l&#8217;ausilio di mezzi elettronici, nel rispetto della normativa sopra richiamata, per le finalit\u00e0 istituzionali della nostra societ\u00e0, ed in particolare per:<\/p>\n<p>&#8211; dare esecuzione ad un servizio o ad una o pi\u00f9 operazioni contrattualmente convenute;<\/p>\n<p>&#8211; l&#8217;esecuzione di obblighi previsti da leggi o regolamenti;<\/p>\n<p>&#8211; la tutela dei diritti di Professionisti del Suono in sede giudiziaria;<\/p>\n<p>il conferimento dei Vostri dati a Professionisti del Suono \u00e8 strettamente funzionale all&#8217;esecuzione del rapporto contrattuale; <\/p>\n<p>in relazione al trattamento dei dati da parte di Professionisti del Suono avete la facolt\u00e0 di esercitare i diritti di cui all&#8217;art. 13 della legge n. 675\/96 sotto riportato; <\/p>\n<p>il trattamento dei dati forniti, o altrimenti acquisiti nell&#8217;ambito della nostra attivit\u00e0, potr\u00e0 essere effettuato anche da soggetti a cui sia riconosciuta la facolt\u00e0 di accedere ai Vostri dati personali da norme di legge o di normative secondarie e\/o comunitarie.<br \/>\nArt. 13 legge n.675\/96<\/p>\n<p>Diritti dell&#8217;interessato:<\/p>\n<p>In relazione al trattamento dei dati personali l&#8217;interessato ha diritto:<br \/>\na) di conoscere, mediante accesso gratuito, al registro di cui all&#8217;articolo 31, comma 1, lettera:<br \/>\na) l&#8217;esistenza di trattamenti di dati che possono riguardarlo;<br \/>\nb) di essere informato su quanto indicato all&#8217;articolo 7, comma 4, lettere a), b) e h);<br \/>\nc) di ottenere, a cura del titolare o del responsabile, senza ritardo:<br \/>\n    1. la conferma dell&#8217;esistenza o meno di dati personali che lo riguardano, anche se non ancora registrati, e la comunicazione in forma intellegibile dei medesimi dati e della loro origine; nonch\u00e8 della logica e delle finalit\u00e0 su cui si basa il trattamento. La richiesta pu\u00f2 essere rinnovata, salva l&#8217;esistenza di giustificati motivi, con intervallo non minore di novanta giorni;<br \/>\n    2. la cancellazione, la trasformazione in forma anonima o il blocco dei dati trattati in violazione di legge, compresi quelli di cui non \u00e8 necessaria la conservazione in relazione agli scopi per i quali i dati sono stati raccolti o successivamente trattati;<br \/>\n    3. l&#8217;aggiornamento, la rettificazione ovvero, qualora vi abbia interesse, l&#8217;integrazione dei dati;<br \/>\n    4. la testazione che le operazioni di cui ai numeri 2) e 3) sono state portate a conoscenza, anche per quanto riguarda il loro contenuto, di coloro ai quali i dati sono stati comunicati o diffusi, eccetto il caso in cui tale adempimento si riveli impossibile o comporti un impiego di mezzi manifestamente sproporzionato rispetto al diritto del tutelato;<br \/>\nd) di opporsi, in tutto o in parte per motivi legittimi, al trattamento dei dati personali che lo riguardano, ancorch\u00e8 pertinenti allo scopo della raccolta;<br \/>\ne) di opporsi, in tutto o in parte, al trattamento di dati personali che lo riguardano previsto a fini di informazione commerciale o di invio di materiale pubblicitario o di vendita diretta ovvero per il compimento di ricerche di mercato o di comunicazione commerciale interattiva e di essere informato dal titolare, non oltre il momento in cui i dati sono comunicati o diffusi, della possibilit\u00e0 di esercitare gratuitamente tale diritto.<br \/>\nPer ciascuna richiesta di cui al comma 1, lettera c), numero 1), pu\u00f2 essere chiesto all&#8217;interessato, ove non risulti confermata l&#8217;esistenza di dati che lo riguardano, un contributo spese, non superiore ai costi effettivamente sopportati, secondo le modalit\u00e0 ed entro i limiti stabiliti dal regolamento di cui all&#8217;articolo 33, comma 3.<br \/>\nI diritti di cui al comma 1) riferiti ai dati personali concernenti persone decedute possono essere esercitati da chiunque vi abbia interesse.<br \/>\nNell&#8217;esercizio dei diritti di cui al comma 1) l&#8217;interessato pu\u00f2 conferire, per iscritto, delega o procura a persone fisiche o ad associazioni.<br \/>\nRestano ferme le norme sul segreto professionale degli esercenti la professione di giornalista, limitatamente alla fonte della notizia.<\/p>\n","protected":false},"excerpt":{"rendered":"<p>art. 10 della legge n.675\/96 PRIVACY Con riferimento a quanto previsto dall&#8217;art. 10 della legge n.675\/96, recante disposizioni a tutela della riservatezza nel trattamento dei dati personali, desideriamo con la presente informarVi che: i&#46;&#46;&#46;<\/p>\n","protected":false},"author":1,"featured_media":0,"parent":0,"menu_order":0,"comment_status":"closed","ping_status":"closed","template":"","meta":{"footnotes":""},"class_list":["post-181","page","type-page","status-publish","hentry"],"aioseo_notices":[],"jetpack-related-posts":[],"jetpack_sharing_enabled":true,"_links":{"self":[{"href":"https:\/\/www.professionistidelsuono.net\/blog_audio\/wp-json\/wp\/v2\/pages\/181","targetHints":{"allow":["GET"]}}],"collection":[{"href":"https:\/\/www.professionistidelsuono.net\/blog_audio\/wp-json\/wp\/v2\/pages"}],"about":[{"href":"https:\/\/www.professionistidelsuono.net\/blog_audio\/wp-json\/wp\/v2\/types\/page"}],"author":[{"embeddable":true,"href":"https:\/\/www.professionistidelsuono.net\/blog_audio\/wp-json\/wp\/v2\/users\/1"}],"replies":[{"embeddable":true,"href":"https:\/\/www.professionistidelsuono.net\/blog_audio\/wp-json\/wp\/v2\/comments?post=181"}],"version-history":[{"count":1,"href":"https:\/\/www.professionistidelsuono.net\/blog_audio\/wp-json\/wp\/v2\/pages\/181\/revisions"}],"predecessor-version":[{"id":182,"href":"https:\/\/www.professionistidelsuono.net\/blog_audio\/wp-json\/wp\/v2\/pages\/181\/revisions\/182"}],"wp:attachment":[{"href":"https:\/\/www.professionistidelsuono.net\/blog_audio\/wp-json\/wp\/v2\/media?parent=181"}],"curies":[{"name":"wp","href":"https:\/\/api.w.org\/{rel}","templated":true}]}}

<p>art. 10 della legge n.675/96</p>
<p>PRIVACY</p>
<p>Con riferimento a quanto previsto dall&#8217;art. 10 della legge n.675/96, recante disposizioni a tutela della riservatezza nel trattamento dei dati personali, desideriamo con la presente informarVi che:</p>
<p>i dati personali da Voi forniti, ovvero altrimenti acquisiti nell&#8217;ambito della nostra attività, possono formare oggetto di trattamento, utilizzando il sistema informativo www.professionistidelsuono.net di proprietà dei &#8220;Professionisti del suono&#8221;, o senza l&#8217;ausilio di mezzi elettronici, nel rispetto della normativa sopra richiamata, per le finalità istituzionali della nostra società, ed in particolare per:</p>
<p>&#8211; dare esecuzione ad un servizio o ad una o più operazioni contrattualmente convenute;</p>
<p>&#8211; l&#8217;esecuzione di obblighi previsti da leggi o regolamenti;</p>
<p>&#8211; la tutela dei diritti di Professionisti del Suono in sede giudiziaria;</p>
<p>il conferimento dei Vostri dati a Professionisti del Suono è strettamente funzionale all&#8217;esecuzione del rapporto contrattuale; </p>
<p>in relazione al trattamento dei dati da parte di Professionisti del Suono avete la facoltà di esercitare i diritti di cui all&#8217;art. 13 della legge n. 675/96 sotto riportato; </p>
<p>il trattamento dei dati forniti, o altrimenti acquisiti nell&#8217;ambito della nostra attività, potrà essere effettuato anche da soggetti a cui sia riconosciuta la facoltà di accedere ai Vostri dati personali da norme di legge o di normative secondarie e/o comunitarie.<br />
Art. 13 legge n.675/96</p>
<p>Diritti dell&#8217;interessato:</p>
<p>In relazione al trattamento dei dati personali l&#8217;interessato ha diritto:<br />
a) di conoscere, mediante accesso gratuito, al registro di cui all&#8217;articolo 31, comma 1, lettera:<br />
a) l&#8217;esistenza di trattamenti di dati che possono riguardarlo;<br />
b) di essere informato su quanto indicato all&#8217;articolo 7, comma 4, lettere a), b) e h);<br />
c) di ottenere, a cura del titolare o del responsabile, senza ritardo:<br />
    1. la conferma dell&#8217;esistenza o meno di dati personali che lo riguardano, anche se non ancora registrati, e la comunicazione in forma intellegibile dei medesimi dati e della loro origine; nonchè della logica e delle finalità su cui si basa il trattamento. La richiesta può essere rinnovata, salva l&#8217;esistenza di giustificati motivi, con intervallo non minore di novanta giorni;<br />
    2. la cancellazione, la trasformazione in forma anonima o il blocco dei dati trattati in violazione di legge, compresi quelli di cui non è necessaria la conservazione in relazione agli scopi per i quali i dati sono stati raccolti o successivamente trattati;<br />
    3. l&#8217;aggiornamento, la rettificazione ovvero, qualora vi abbia interesse, l&#8217;integrazione dei dati;<br />
    4. la testazione che le operazioni di cui ai numeri 2) e 3) sono state portate a conoscenza, anche per quanto riguarda il loro contenuto, di coloro ai quali i dati sono stati comunicati o diffusi, eccetto il caso in cui tale adempimento si riveli impossibile o comporti un impiego di mezzi manifestamente sproporzionato rispetto al diritto del tutelato;<br />
d) di opporsi, in tutto o in parte per motivi legittimi, al trattamento dei dati personali che lo riguardano, ancorchè pertinenti allo scopo della raccolta;<br />
e) di opporsi, in tutto o in parte, al trattamento di dati personali che lo riguardano previsto a fini di informazione commerciale o di invio di materiale pubblicitario o di vendita diretta ovvero per il compimento di ricerche di mercato o di comunicazione commerciale interattiva e di essere informato dal titolare, non oltre il momento in cui i dati sono comunicati o diffusi, della possibilità di esercitare gratuitamente tale diritto.<br />
Per ciascuna richiesta di cui al comma 1, lettera c), numero 1), può essere chiesto all&#8217;interessato, ove non risulti confermata l&#8217;esistenza di dati che lo riguardano, un contributo spese, non superiore ai costi effettivamente sopportati, secondo le modalità ed entro i limiti stabiliti dal regolamento di cui all&#8217;articolo 33, comma 3.<br />
I diritti di cui al comma 1) riferiti ai dati personali concernenti persone decedute possono essere esercitati da chiunque vi abbia interesse.<br />
Nell&#8217;esercizio dei diritti di cui al comma 1) l&#8217;interessato può conferire, per iscritto, delega o procura a persone fisiche o ad associazioni.<br />
Restano ferme le norme sul segreto professionale degli esercenti la professione di giornalista, limitatamente alla fonte della notizia.</p>
